mainder when 335688 is divided by 10395?
3048
Calculate the remainder when 109110 is divided by 6059.
48
What is the remainder when 41176 is divided by 4176?
3592
Calculate the remainder when 481249 is divided by 120120.
769
What is the remainder when 18970516 is divided by 9485256?
4
What is the remainder when 4004 is divided by 1047?
863
What is the remainder when 90858 is divided by 3261?
2811
Calculate the remainder when 1749417 is divided by 1811.
1802
What is the remainder when 1551445 is divided by 3898?
41
Calculate the remainder when 7204023 is divided by 7204022.
1
What is the remainder when 481436 is divided by 240714?
8
What is the remainder when 911845 is divided by 534?
307
What is the remainder when 881836 is divided by 2534?
4
Calculate the remainder when 17186 is divided by 821.
766
Calculate the remainder when 2166471 is divided by 67702.
7
What is the remainder when 331893 is divided by 24?
21
Calculate the remainder when 506536 is divided by 579.
490
What is the remainder when 5064571 is divided by 556?
523
What is the remainder when 21109154 is divided by 3408?
2
Calculate the remainder when 3680557 is divided by 542.
377
Calculate the remainder when 1711754 is divided by 17466.
86
Calculate the remainder when 88372 is divided by 809.
191
Calculate the remainder when 1734279 is divided by 258.
3
Calculate the remainder when 362301 is divided by 25878.
9
Calculate the remainder when 10458544 is divided by 1083.
13
What is the remainder when 93171 is divided by 59?
10
Calculate the remainder when 8609735 is divided by 3964.
3891
Calculate the remainder when 132334 is divided by 925.
59
What is the remainder when 695484 is divided by 966?
930
What is the remainder when 37567 is divided by 18495?
577
What is the remainder when 28500705 is divided by 1222?
1221
Calculate the remainder when 578429 is divided by 38557.
74
Calculate the remainder when 12862511 is divided by 347.
262
What is the remainder when 10502890 is divided by 65?
60
Calculate the remainder when 894002 is divided by 24159.
119
What is the remainder when 496695 is divided by 172?
131
What is the remainder when 507597 is divided by 8187?
3
Calculate the remainder when 4488676 is divided by 748110.
16
What is the remainder when 4671608 is divided by 408?
8
What is the remainder when 1503978 is divided by 585?
528
What is the remainder when 5349773 is divided by 243171?
11
What is the remainder when 7685 is divided by 2437?
374
Calculate the remainder when 375810 is divided by 1988.
78
Calculate the remainder when 248676 is divided by 1185.
1011
Calculate the remainder when 121838 is divided by 58719.
4400
What is the remainder when 412997 is divided by 29389?
1551
Calculate the remainder when 39902989 is divided by 1081.
36
What is the remainder when 115397 is divided by 2541?
1052
What is the remainder when 77979524 is divided by 26596?
52
What is the remainder when 37443721 is divided by 34?
31
What is the remainder when 144451 is divided by 43?
14
Calculate the remainder when 135923 is divided by 2681.
1873
What is the remainder when 1209749 is divided by 9524?
201
What is the remainder when 30407 is divided by 226?
123
What is the remainder when 463503 is divided by 617?
136
Calculate the remainder when 253999 is divided by 31744.
47
What is the remainder when 805896 is divided by 19656?
0
What is the remainder when 22132 is divided by 1762?
988
Calculate the remainder when 473677 is divided by 5531.
3542
What is the remainder when 9710315 is divided by 53061?
152
What is the remainder when 163452 is divided by 1560?
1212
Calculate the remainder when 1614016 is divided by 80.
16
Calculate the remainder when 294278 is divided by 2943.
2921
What is the remainder when 73310821 is divided by 472973?
6
What is the remainder when 302744 is divided by 14235?
3809
Calculate the remainder when 57249637 is divided by 296.
277
What is the remainder when 32485879 is divided by 72?
55
What is the remainder when 45858 is divided by 15195?
273
What is the remainder when 2085764 is divided by 16?
4
Calculate the remainder when 91420171 is divided by 166.
153
Calculate the remainder when 6258762 is divided by 184.
2
What is the remainder when 24874359 is divided by 1960?
1959
What is the remainder when 10332839 is divided by 3117?
3101
What is the remainder when 455515 is divided by 1706?
13
What is the remainder when 78006 is divided by 39000?
6
What is the remainder when 1628205 is divided by 273?
33
Calculate the remainder when 570546 is divided by 741.
717
What is the remainder when 34828664 is divided by 608?
600
Calculate the remainder when 163478172 is divided by 7.
4
What is the remainder when 6478509 is divided by 607?
605
Calculate the remainder when 2167147 is divided by 1797.
1762
What is the remainder when 37410430 is divided by 1303?
1300
Calculate the remainder when 577004 is divided by 1792.
1772
Calculate the remainder when 5030934 is divided by 2515455.
24
What is the remainder when 6395954 is divided by 10?
4
What is the remainder when 10045 is divided by 1593?
487
Calculate the remainder when 9716018 is divided by 701.
158
What is the remainder when 65170 is divided by 16258?
138
Calculate the remainder when 34729 is divided by 389.
108
Calculate the remainder when 2576783 is divided by 45206.
41
What is the remainder when 2567442 is divided by 3369?
264
Calculate the remainder when 6488026 is divided by 122412.
190
What is the remainder when 461419 is divided by 38069?
4591
What is the remainder when 5622571 is divided by 5622342?
229
What is the remainder when 2120326 is divided by 92?
2
What is the remainder when 881681579 is divided by 260?
259
Calculate the remainder when 250451 is divided by 125208.
35
Calculate the remainder when 2351430 is divided by 2351391.
39
Calculate the remainder when 15876720 is divided by 105.
90
Calculate the remainder when 1095698 is divided by 219136.
18
Calculate the remainder when 118342 is divided by 4225.
42
Calculate the remainder when 2235348 is divided by 305.
3
Calculate the remainder when 2566301 is divided by 669.
17
Calculate the remainder when 4269740 is divided by 2791.
2301
Calculate the remainder when 221776 is divided by 6313.
821
Calculate the remainder when 8522240 is divided by 247.
246
What is the remainder when 69721 is divided by 1294?
1139
What is the remainder when 13040975 is divided by 13040974?
1
Calculate the remainder when 12695211 is divided by 52459.
133
Calculate the remainder when 347124 is divided by 34580.
1324
What is the remainder when 5100106 is divided by 94?
42
Calculate the remainder when 3166860 is divided by 83.
78
Calculate the remainder when 4116692 is divided by 103.
91
Calculate the remainder when 13591940 is divided by 782.
780
What is the remainder when 155081 is divided by 155027?
54
Calculate the remainder when 610703 is divided by 4729.
662
Calculate the remainder when 129863736 is divided by 4517.
4503
Calculate the remainder when 1972329248 is divided by 6828.
6824
What is the remainder when 314812406 is divided by 5397?
5396
Calculate the remainder when 552718 is divided by 188.
186
What is the remainder when 126244 is divided by 1251?
1144
Calculate the remainder when 123165093 is divided by 12.
9
Calculate the remainder when 127726948 is divided by 31931734.
12
Calculate the remainder when 187602 is divided by 4552.
970
What is the remainder when 1309549 is divided by 3731?
3699
Calculate the remainder when 2764546 is divided by 4808.
4754
Calculate the remainder when 1713963 is divided by 285651.
57
What is the remainder when 168644 is divided by 259?
35
Calculate the remainder when 46125407 is divided by 1467.
1460
What is the remainder when 31428550 is divided by 383275?
0
Calculate the remainder when 1432255 is divided by 286416.
175
What is the remainder when 97916469 is divided by 32638821?
6
Calculate the remainder when 16412068 is divided by 9983.
16
What is the remainder when 685800 is divided by 28548?
648
Calculate the remainder when 119596 is divided by 13.
9
What is the remainder when 5442566 is divided by 494777?
19
What is the remainder when 153483 is divided by 212?
207
What is the remainder when 1546846 is divided by 656?
654
Calculate the re